
False
Does 112 divide 16730?
False
Does 41 divide 574?
True
Is 5 a factor of 1669?
False
Is 51 a multiple of 29?
False
Is 2552 a multiple of 35?
False
Does 82 divide 17220?
True
Is 11 a factor of 8996?
False
Is 6 a factor of 8940?
True
Is 605 a multiple of 55?
True
Is 3292 a multiple of 12?
False
Is 55 a factor of 2695?
True
Does 17 divide 14081?
False
Does 5 divide 260?
True
Does 3 divide 4916?
False
Is 44383 a multiple of 214?
False
Is 340 a factor of 24945?
False
Does 7 divide 83?
False
Is 10606 a multiple of 44?
False
Is 30870 a multiple of 42?
True
Is 512 a multiple of 38?
False
Does 7 divide 1568?
True
Does 9 divide 459?
True
Is 2837 a multiple of 24?
False
Is 18 a multiple of 9?
True
Is 77776 a multiple of 12?
False
Is 20540 a multiple of 79?
True
Is 10 a factor of 439?
False
Does 63 divide 816?
False
Is 72 a multiple of 72?
True
Does 8 divide 3323?
False
Does 65 divide 78171?
False
Does 50 divide 800?
True
Is 8986 even?
True
Is 58 a factor of 354?
False
Does 330 divide 24750?
True
Does 12 divide 3550?
False
Is 25 a factor of 2500?
True
Is 16 a factor of 1120?
True
Does 18 divide 936?
True
Is 15 a factor of 1454?
False
Is 72 a factor of 1193?
False
Is 84 a factor of 849?
False
Does 61 divide 21819?
False
Is 41739 a multiple of 20?
False
Does 68 divide 2633?
False
Is 19 a factor of 22271?
False
Is 14 a factor of 49084?
True
Is 946 a multiple of 2?
True
Is 2 a factor of 57?
False
Is 52 a factor of 2583?
False
Is 9427 a multiple of 11?
True
Is 29 a factor of 1372?
False
Does 9 divide 8125?
False
Is 41 a factor of 6662?
False
Is 2205 a multiple of 63?
True
Does 16 divide 40320?
True
Is 3990 a multiple of 35?
True
Is 90 a factor of 10512?
False
Is 7728 a multiple of 21?
True
Does 7 divide 633?
False
Is 20 a factor of 20545?
False
Is 330 a factor of 1844?
False
Does 53 divide 3604?
True
Does 51 divide 4233?
True
Does 12 divide 11492?
False
Is 11 a factor of 2159?
False
Does 35 divide 25305?
True
Is 41124 a multiple of 140?
False
Is 48 a factor of 6240?
True
Is 750 a multiple of 30?
True
Is 2546 a multiple of 48?
False
Does 116 divide 8049?
False
Is 27912 a multiple of 8?
True
Is 10 a factor of 5310?
True
Is 30453 a multiple of 103?
False
Does 39 divide 26052?
True
Is 114 a factor of 43776?
True
Does 5 divide 633?
False
Is 2011 a multiple of 14?
False
Does 95 divide 32870?
True
Does 16 divide 62?
False
Is 140 a factor of 13282?
False
Is 120 a multiple of 8?
True
Is 39 a factor of 43545?
False
Is 56 a factor of 578?
False
Does 6 divide 667?
False
Is 392 a multiple of 90?
False
Does 27 divide 87?
False
Is 14891 a multiple of 379?
False
Does 44 divide 5341?
False
Does 99 divide 9616?
False
Is 95 a factor of 3934?
False
Does 11 divide 5905?
False
Is 12772 a multiple of 31?
True
Is 707 a multiple of 51?
False
Is 14076 a multiple of 23?
True
Is 3 a factor of 495?
True
Does 73 divide 3577?
True
Does 19 divide 462?
False
Is 60 a multiple of 4?
True
Does 59 divide 43880?
False
Is 194 a factor of 3281?
False
Does 7 divide 3373?
False
Is 1188 a multiple of 43?
False
Is 8 a factor of 214?
False
Is 72 a factor of 28080?
True
Is 35 a factor of 20300?
True
Is 11 a factor of 24901?
False
Is 66 even?
True
Is 420 a multiple of 105?
True
Does 67 divide 4422?
True
Does 22 divide 600?
False
Is 37 a factor of 10935?
False
Does 10 divide 1811?
False
Does 38 divide 1980?
False
Does 5 divide 29?
False
Is 3845 a multiple of 153?
False
Is 177 a multiple of 24?
False
Is 3 a factor of 361?
False
Does 6 divide 9738?
True
Does 16 divide 528?
True
Is 17 a factor of 24429?
True
Is 26 a factor of 4535?
False
Is 23 a factor of 6440?
True
Is 229 a factor of 20610?
True
Is 13 a factor of 40365?
True
Is 10 a factor of 371?
False
Is 20298 a multiple of 34?
True
Does 17 divide 15342?
False
Is 4354 a multiple of 12?
False
Is 31121 a multiple of 5?
False
Is 62 a factor of 20460?
True
Is 40 a factor of 6800?
True
Does 6 divide 6959?
False
Is 4366 a multiple of 97?
False
Is 58 a factor of 1044?
True
Is 16 a factor of 5203?
False
Is 620 a multiple of 60?
False
Is 1360 a multiple of 4?
True
Is 132 a factor of 113652?
True
Is 21 a factor of 57?
False
Is 188815 a multiple of 462?
False
Does 27 divide 96729?
False
Does 16 divide 674?
False
Does 3 divide 143?
False
Is 22 a factor of 42878?
True
Is 1110 a multiple of 74?
True
Is 2470 a multiple of 20?
False
Is 8 a factor of 833?
False
Does 83 divide 27412?
False
Does 9 divide 6879?
False
Does 41 divide 906?
False
Is 14460 a multiple of 5?
True
Is 71 a factor of 213?
True
Is 312 a multiple of 23?
False
Does 32 divide 826?
False
Is 19 a factor of 8151?
True
Is 653 a multiple of 21?
False
Is 51 a factor of 1275?
True
Does 5 divide 1360?
True
Does 12 divide 22820?
False
Does 12 divide 4464?
True
Does 9 divide 414?
True
Is 4 a factor of 2000?
True
Does 42 divide 14889?
False
Does 151 divide 3490?
False
Is 83 a factor of 59179?
True
Is 72 a factor of 2216?
False
Is 6887 a multiple of 71?
True
Does 71 divide 54244?
True
Does 26 divide 78?
True
Does 8 divide 788?
False
Is 9 a factor of 130?
False
Is 908 a multiple of 23?
False
Is 31 a factor of 1419?
False
Is 709 a multiple of 6?
False
Does 26 divide 182?
True
Is 19 a factor of 3458?
True
Is 83 a factor of 1276?
False
Is 37 a factor of 1184?
True
Does 8 divide 840?
True
Is 21 a factor of 1596?
True
Does 42 divide 25420?
False
Is 17 a factor of 1768?
True
Is 9290 a multiple of 5?
True
Is 399 a multiple of 19?
True
Is 22704 a multiple of 12?
True
Does 11 divide 13200?
True
Is 7 a factor of 665?
True
Is 26 a multiple of 13?
True
Does 2 divide 110?
True
Is 291 a multiple of 49?
False
Does 6 divide 193?
False
Is 60 a factor of 4733?
False
Is 43 a factor of 731?
True
Is 3 a factor of 802?
False
Is 583 a multiple of 24?
False
Is 28 a multiple of 9?
False
Does 48 divide 576?
True
Is 474 a multiple of 81?
False
Is 6669 a multiple of 57?
True
Is 7895 a multiple of 8?
False
Is 122 a factor of 15128?
True
Is 1625 a multiple of 60?
False
Is 15 a factor of 3372?
False
Is 7881 a multiple of 7?
False
Is 12415 a multiple of 191?
True
Is 222 a multiple of 112?
False
Does 39 divide 135?
False
Is 41 a factor of 74248?
False
Is 3 a factor of 4774?
False
Is 8 a factor of 459?
False
Is 11 a factor of 96?
False
Is 576 a multiple of 12?
True
Does 13 divide 329?
False
Is 6982 a multiple of 53?
False
Is 905 a multiple of 26?
False
Is 44 a factor of 883?
False
Does 53 divide 15220?
False
Is 8671 a multiple of 4?
False
Does 10 divide 16470?
True
Does 3 divide 2461?
False
Is 105 a factor of 3150?
True
Is 7 a factor of 7413?
True
Is 3203 a multiple of 63?
False
Is 18 a factor of 216?
True
Does 7 divide 329?
True
Does 71 divide 213?
True
Is 252 a multiple of 18?
True
Does 36 divide 5536?
False
Is 10880 a multiple of 10?
True
Is 17 a factor of 2261?
True
Does 40 divide 699?
False
Is 40071 a multiple of 37?
True
Is 2393 a multiple of 40?
False
Does 25 divide 1650?
True
Is 67 a factor of 185?
False
Is 4096 a multiple of 64?
True
Does 10 divide 28123?
False
Is 96 a factor of 45412?
False
Is 4109 a multiple of 7?
True
Is 209 a factor of 37316?
False
Is 40984 a multiple of 218?
True
Is 3599 a multiple of 16?
False
Is 219 a factor of 14279?
False
Is 110 a multiple of 14?
False
Does 13 divide 21619?
True
Is 204 a multiple of 51?
True
Is 3031 a multiple of 12?
False
Is 10 a factor of 5620?
True
Is 18 a factor of 504?
True
Is 4387 a multiple of 7?
False
Does 290 divide 63800?
True
Is 273 even?
False
Does 125 divide 5057?
False
Is 78 a factor of 3198?
True
Is 17 a factor of 3708?
False
Is 7052 a multiple of 82?
True
Is 78 a multiple of 4?
False
Does 12 divide 1044?
True
Is 100 a factor of 6800?
True
Does 40 divide 1912?
False
Is 1105 a multiple of 17?
True
Is 27 a factor of 838?
False
Does 15 divide 11925?
True
Does 87 divide 82737?
True
Is 3154 a multiple of 6?
False
Is 9 a factor of 90?
True
Is 6 a factor of 474?
True
Does 12 divide 765?
False
Does 29 divide 17081?
True
Is 31 a factor of 10002?
False
Is 1042 a multiple of 15?
False
Does 6 divide 7590?
True
Is 5689 a multiple of 56?
False
Is 32 a factor of 63040?
True
Is 17 a factor of 34016?
False
Is 651 a multiple of 40?
False
Is 63917 a multiple of 23?
True
Does 24 divide 2137?
False
Does 49 divide 2107?
True
Is 248 a multiple of 75?
False
Is 15 a factor of 3068?
False
Is 15 a factor